{"id":84,"date":"2015-09-23T01:45:01","date_gmt":"2015-09-23T01:45:01","guid":{"rendered":"http:\/\/themes.g5plus.net\/handmade\/?page_id=84"},"modified":"2023-11-16T14:09:39","modified_gmt":"2023-11-16T13:09:39","slug":"faq","status":"publish","type":"page","link":"https:\/\/lenidabijoux.fr\/index.php\/faq\/","title":{"rendered":"Foire aux Questions"},"content":{"rendered":"<p>[vc_row layout=\u00a0\u00bbboxed\u00a0\u00bb el_class=\u00a0\u00bbtext-center margin-bottom-75&Prime;][vc_column width=\u00a0\u00bb1\/3&Prime; el_class=\u00a0\u00bbcol-md-4 col-sm-12 sm-margin-bottom-50&Prime;]\t\t\t<div class=\"handmade-icon-box icon-top-center style1 dark  margin-bottom-15\" >\n                <a class=\"ibox-icon\" title=\"Entretenir vos bijoux\" target=\"_self\" href=\"#\">\n                                                <i class=\"pe-7s-star\"><\/i>\n                                        <\/a>\n                                    <h3><a title=\"Entretenir vos bijoux\" target=\"_self\" href=\"#\">Entretenir vos bijoux<\/a><\/h3>\n                \t\t\t<\/div>\n            [\/vc_column][vc_column width=\u00a0\u00bb1\/3&Prime; el_class=\u00a0\u00bbcol-md-4 col-sm-12 sm-margin-bottom-50&Prime;]\t\t\t<div class=\"handmade-icon-box icon-top-center style1 dark  margin-bottom-15\" >\n                <a class=\"ibox-icon\" title=\"Commande et retour\" target=\"_self\" href=\"#\">\n                                                <i class=\"pe-7s-mail-open-file\"><\/i>\n                                        <\/a>\n                                    <h3><a title=\"Commande et retour\" target=\"_self\" href=\"#\">Commande et retour<\/a><\/h3>\n                \t\t\t<\/div>\n            [\/vc_column][vc_column width=\u00a0\u00bb1\/3&Prime; el_class=\u00a0\u00bbcol-md-4 col-sm-12 sm-margin-bottom-50&Prime;]\t\t\t<div class=\"handmade-icon-box icon-top-center style1 dark  margin-bottom-15\" >\n                <a class=\"ibox-icon\" title=\"Les bijoux\" target=\"_self\" href=\"#\">\n                                                <i class=\"vc_li vc_li-heart\"><\/i>\n                                        <\/a>\n                                    <h3><a title=\"Les bijoux\" target=\"_self\" href=\"#\">Les bijoux<\/a><\/h3>\n                \t\t\t<\/div>\n            [\/vc_column][\/vc_row][vc_row layout=\u00a0\u00bbboxed\u00a0\u00bb][vc_column][vc_separator][vc_column_text css=\u00a0\u00bb.vc_custom_1663846370175{margin-top: 60px !important;margin-bottom: 54px !important;}\u00a0\u00bb]<\/p>\n<h3 style=\"text-align: center;\"><em>L&rsquo;entretien de vos Bijoux<\/em><\/h3>\n<p>[\/vc_column_text][\/vc_column][\/vc_row][vc_row layout=\u00a0\u00bbboxed\u00a0\u00bb css=\u00a0\u00bb.vc_custom_1443843251747{margin-bottom: 43px !important;}\u00a0\u00bb][vc_column width=\u00a0\u00bb1\/2&Prime; el_class=\u00a0\u00bbcol-md-6 col-sm-12 sm-margin-bottom-30&Prime;][vc_column_text css=\u00a0\u00bb.vc_custom_1663849992309{margin-bottom: 7px !important;}\u00a0\u00bb]<\/p>\n<p style=\"text-align: center; color: #1a3e51;\">NETTOYER LES BIJOUX EN RESINE<\/p>\n<p>[\/vc_column_text][vc_column_text css=\u00a0\u00bb.vc_custom_1663850440958{margin-bottom: 30px !important;padding-top: 25px !important;padding-right: 25px !important;padding-bottom: 25px !important;padding-left: 25px !important;background-color: rgba(194,133,140,0.17) !important;*background-color: rgb(194,133,140) !important;border-radius: 1px !important;}\u00a0\u00bb]<\/p>\n<p style=\"text-align: left;\">Pour redonner de l&rsquo;\u00e9clat \u00e0 la partie en r\u00e9sine vous pouvez la frotter d\u00e9licatement avec un petit chiffon doux type chamoisine. N&rsquo;utilisez jamais de produit nettoyant m\u00eame naturel.<\/p>\n<p>Pour les supports en acier inoxydable vous pouvez utiliser un petit chiffon humide. L&rsquo;acier ne s&rsquo;oxydant pas vous n&rsquo;aurez certainement besoin de rien d&rsquo;autre.<\/p>\n<p>Pour les petites pi\u00e8ces en laiton, vous pouvez utiliser un chiffon humide avec un tout petit peu de nettoyant doux.<\/p>\n<p>En cas de doute et avant toute manipulation risquant d&rsquo;endommager votre bijou, n&rsquo;h\u00e9sitez pas \u00e0 me contacter.[\/vc_column_text][\/vc_column][vc_column width=\u00a0\u00bb1\/2&Prime; el_class=\u00a0\u00bbcol-md-6 col-sm-12&Prime;][vc_column_text css=\u00a0\u00bb.vc_custom_1663850118405{margin-bottom: 7px !important;}\u00a0\u00bb]<\/p>\n<p style=\"text-align: center; color: #1a3e51;\">A L&rsquo;ABRI DE L&rsquo;HUMIDITE<\/p>\n<p>[\/vc_column_text][vc_column_text css=\u00a0\u00bb.vc_custom_1663850693734{margin-bottom: 30px !important;padding-top: 25px !important;padding-right: 25px !important;padding-bottom: 25px !important;padding-left: 25px !important;background-color: rgba(26,62,81,0.16) !important;*background-color: rgb(26,62,81) !important;}\u00a0\u00bb]<\/p>\n<p style=\"text-align: left;\">Un bijou quel qu&rsquo;il soit n&rsquo;aime pas l&rsquo;humidit\u00e9. Pour le stockage pr\u00e9f\u00e9rez donc une pi\u00e8ce sans humidit\u00e9.<\/p>\n<p style=\"text-align: left;\">Pensez \u00e0 enlever vos bijoux pour vous doucher.<\/p>\n<p>[\/vc_column_text][vc_column_text css=\u00a0\u00bb.vc_custom_1663850129612{margin-bottom: 7px !important;}\u00a0\u00bb]<\/p>\n<p style=\"text-align: center; color: #1a3e51;\">A L&rsquo;ABRI DE LA LUMIERE<\/p>\n<p>[\/vc_column_text][vc_column_text css=\u00a0\u00bb.vc_custom_1663850500847{margin-bottom: 30px !important;padding-top: 25px !important;padding-right: 25px !important;padding-bottom: 25px !important;padding-left: 25px !important;background-color: rgba(194,133,140,0.17) !important;*background-color: rgb(194,133,140) !important;}\u00a0\u00bb]<\/p>\n<p style=\"text-align: left;\">La r\u00e9sine, m\u00eame si elle est trait\u00e9e anti UV, n&rsquo;aime pas trop la lumi\u00e8re directe.<\/p>\n<p>Vous pouvez \u00e9videmment porter vos bijoux les jours de soleil mais \u00e9vitez de les stocker en pleine lumi\u00e8re, derri\u00e8re une fen\u00eatre par exemple. Pr\u00e9f\u00e9rez plut\u00f4t une petit bo\u00eete dans un placard.[\/vc_column_text][vc_column_text css=\u00a0\u00bb.vc_custom_1663850067269{margin-bottom: 7px !important;}\u00a0\u00bb]<\/p>\n<p style=\"text-align: center; color: #1a3e51;\">EVITER LES RAYURES<\/p>\n<p>[\/vc_column_text][vc_column_text css=\u00a0\u00bb.vc_custom_1663850725998{margin-bottom: 30px !important;padding-top: 25px !important;padding-right: 25px !important;padding-bottom: 25px !important;padding-left: 25px !important;background-color: rgba(26,62,81,0.16) !important;*background-color: rgb(26,62,81) !important;}\u00a0\u00bb]<\/p>\n<p style=\"text-align: left;\">La r\u00e9sine est un mat\u00e9riau tr\u00e8s dur et brillant mais elle peut \u00eatre ray\u00e9e.<\/p>\n<p>EX : Evitez donc de porter vos bijoux \u00e0 la plage o\u00f9 le sable pourrait les endommager.[\/vc_column_text][\/vc_column][\/vc_row][vc_row layout=\u00a0\u00bbboxed\u00a0\u00bb][vc_column][vc_separator][vc_column_text css=\u00a0\u00bb.vc_custom_1663847531237{margin-top: 60px !important;margin-bottom: 24px !important;}\u00a0\u00bb]<\/p>\n<h3 style=\"text-align: center;\"><em>Commande et retour<\/em><\/h3>\n<p>[\/vc_column_text][\/vc_column][\/vc_row][vc_row layout=\u00a0\u00bbboxed\u00a0\u00bb css=\u00a0\u00bb.vc_custom_1443843251747{margin-bottom: 43px !important;}\u00a0\u00bb][vc_column width=\u00a0\u00bb1\/2&Prime; el_class=\u00a0\u00bbcol-md-6 col-sm-12 sm-margin-bottom-30&Prime;][vc_column_text css=\u00a0\u00bb.vc_custom_1668008631769{margin-bottom: 7px !important;}\u00a0\u00bb]<\/p>\n<p style=\"text-align: center; color: #1a3e51;\">QUELS SONT LES PRIX ET DELAIS DE LIVRAISON ? ?<\/p>\n<p>[\/vc_column_text][vc_column_text css=\u00a0\u00bb.vc_custom_1700140157582{margin-bottom: 30px !important;padding-top: 25px !important;padding-right: 25px !important;padding-bottom: 25px !important;padding-left: 25px !important;background-color: rgba(26,62,81,0.16) !important;*background-color: rgb(26,62,81) !important;}\u00a0\u00bb]Les bijoux sont envoy\u00e9s en lettre suivie. Un num\u00e9ro de suivi vous permet de savoir o\u00f9 en est la livraison de votre colis. Le co\u00fbt varie de 2 \u00e0 4,50 euros selon le poids total de la commande.<\/p>\n<p>Pour les plus grosses commandes (sup\u00e9rieures \u00e0 250g), l&rsquo;envoi se fait en Colissimo.<\/p>\n<p>Les frais de port sont donc calcul\u00e9s en fonction du poids du colis. Ils sont offerts pour toute commande de 50 euros et plus.<\/p>\n<p>Pour les clients Nord Toulousains, la remise en main propre est possible sur Fenouillet et alentours. Il suffit de cocher la case dans votre panier.<\/p>\n<p>Le d\u00e9lai de livraison est de 48h (soit le d\u00e9lai postal de 2jours ouvr\u00e9s). A celui-ci s&rsquo;ajoute le d\u00e9lai de pr\u00e9paration de la commande qui ne pourra exc\u00e9der 72heures pour des articles en stock.<\/p>\n<p>Retrouvez tous les d\u00e9tails dans nos <a href=\"https:\/\/lenidabijoux.fr\/index.php\/refund_returns\/\">CGV<\/a> :\u00a0 article 5 \u00ab\u00a0Exp\u00e9dition\u00a0\u00bb.[\/vc_column_text][vc_column_text css=\u00a0\u00bb.vc_custom_1663850177826{margin-bottom: 7px !important;}\u00a0\u00bb]<\/p>\n<p style=\"text-align: center; color: #1a3e51;\">LES BIJOUX SONT-ILS GARANTIS ?<\/p>\n<p>[\/vc_column_text][vc_column_text css=\u00a0\u00bb.vc_custom_1663850547034{margin-bottom: 30px !important;padding-top: 25px !important;padding-right: 25px !important;padding-bottom: 25px !important;padding-left: 25px !important;background-color: rgba(194,133,140,0.17) !important;*background-color: rgb(194,133,140) !important;}\u00a0\u00bb]Les bijoux sont couverts par la garantie l\u00e9gale et la garantie vice cach\u00e9.<\/p>\n<p>Il n&rsquo;y a pas de garantie suppl\u00e9mentaire. En cas de probl\u00e8me avec un bijou, je reste disponible pour trouver une solution. N&rsquo;h\u00e9sitez pas \u00e0 me contacter par mail avec une photo du probl\u00e8me.[\/vc_column_text][\/vc_column][vc_column width=\u00a0\u00bb1\/2&Prime; el_class=\u00a0\u00bbcol-md-6 col-sm-12&Prime;][vc_column_text css=\u00a0\u00bb.vc_custom_1663850188507{margin-bottom: 7px !important;}\u00a0\u00bb]<\/p>\n<p style=\"text-align: center; color: #1a3e51;\">COMMENT RETOURNER UN PRODUIT<\/p>\n<p>[\/vc_column_text][vc_column_text css=\u00a0\u00bb.vc_custom_1676296165851{margin-bottom: 30px !important;padding-top: 25px !important;padding-right: 25px !important;padding-bottom: 25px !important;padding-left: 25px !important;background-color: rgba(26,62,81,0.16) !important;*background-color: rgb(26,62,81) !important;}\u00a0\u00bb]<\/p>\n<p style=\"text-align: left;\">Vous pouvez trouver toute la politique de retour dans les <a style=\"background-color: #ffffff;\" title=\"Conditions G\u00e9n\u00e9rales de Vente\" href=\"https:\/\/lenidabijoux.fr\/index.php\/CGV\">Conditions G\u00e9n\u00e9rales de Vente.\u00a0 <\/a>Dans tous les cas, le retour doit \u00eatre valid\u00e9 par Le Nid \u00e0 Bijoux avant exp\u00e9dition. Dans le cas contraire, aucun remboursement ne sera effectu\u00e9.<\/p>\n<p>N&rsquo;h\u00e9sitez pas \u00e0 me contacter.[\/vc_column_text][\/vc_column][\/vc_row][vc_row layout=\u00a0\u00bbboxed\u00a0\u00bb][vc_column][vc_separator][vc_column_text css=\u00a0\u00bb.vc_custom_1663850230363{margin-top: 60px !important;margin-bottom: 24px !important;}\u00a0\u00bb]<\/p>\n<h3 style=\"text-align: center;\"><em>Les Bijoux<\/em><\/h3>\n<p>[\/vc_column_text][\/vc_column][\/vc_row][vc_row layout=\u00a0\u00bbboxed\u00a0\u00bb css=\u00a0\u00bb.vc_custom_1443843251747{margin-bottom: 43px !important;}\u00a0\u00bb][vc_column width=\u00a0\u00bb1\/2&Prime; el_class=\u00a0\u00bbcol-md-6 col-sm-12 sm-margin-bottom-30&Prime;][vc_column_text css=\u00a0\u00bb.vc_custom_1663850205076{margin-bottom: 7px !important;}\u00a0\u00bb]<\/p>\n<p style=\"text-align: center; color: #1a3e51;\">POURQUOI L&rsquo;ACIER INOXYDABLE ?<\/p>\n<p>[\/vc_column_text][vc_column_text css=\u00a0\u00bb.vc_custom_1663850834293{margin-bottom: 30px !important;padding-top: 25px !important;padding-right: 25px !important;padding-bottom: 25px !important;padding-left: 25px !important;background-color: rgba(26,62,81,0.16) !important;*background-color: rgb(26,62,81) !important;}\u00a0\u00bb]Nos bijoux sont mont\u00e9s sur des supports en acier inoxydable. Cette mati\u00e8re permet d&rsquo;avoir un bijou solide et durable dans le temps sans oxydation.<\/p>\n<p>De plus, l&rsquo;acier utilis\u00e9 est une mati\u00e8re hypoallerg\u00e9nique qui permet d&rsquo;\u00e9viter les r\u00e9actions pour les personnes sensibles.[\/vc_column_text][\/vc_column][vc_column width=\u00a0\u00bb1\/2&Prime; el_class=\u00a0\u00bbcol-md-6 col-sm-12&Prime;][vc_column_text css=\u00a0\u00bb.vc_custom_1663850221283{margin-bottom: 7px !important;}\u00a0\u00bb]<\/p>\n<p style=\"text-align: center; color: #1a3e51;\">LES AVANTAGES DE LA RESINE<\/p>\n<p>[\/vc_column_text][vc_column_text css=\u00a0\u00bb.vc_custom_1684830533616{margin-bottom: 30px !important;padding-top: 25px !important;padding-right: 25px !important;padding-bottom: 25px !important;padding-left: 25px !important;background-color: rgba(194,133,140,0.17) !important;*background-color: rgb(194,133,140) !important;}\u00a0\u00bb]<\/p>\n<p style=\"text-align: left;\">La r\u00e9sine a la brillance du verre mais est beaucoup moins fragile.<\/p>\n<p>De plus c&rsquo;est un mat\u00e9riau tr\u00e8s l\u00e9ger qui permet de r\u00e9aliser de gros bijoux sans en ressentir le poids.<\/p>\n<p>La r\u00e9sine utilis\u00e9e est adapt\u00e9e \u00e0 la cr\u00e9ation de bijoux, elle n&rsquo;est donc pas toxique.[\/vc_column_text][\/vc_column][\/vc_row][vc_row][vc_column][vc_empty_space][\/vc_column][\/vc_row]<\/p>\n","protected":false},"excerpt":{"rendered":"<p>[vc_row layout=\u00a0\u00bbboxed\u00a0\u00bb el_class=\u00a0\u00bbtext-center margin-bottom-75&Prime;][vc_column width=\u00a0\u00bb1\/3&Prime; el_class=\u00a0\u00bbcol-md-4 col-sm-12 sm-margin-bottom-50&Prime;][\/vc_column][vc_column width=\u00a0\u00bb1\/3&Prime; el_class=\u00a0\u00bbcol-md-4 col-sm-12 sm-margin-bottom-50&Prime;][\/vc_column][vc_column width=\u00a0\u00bb1\/3&Prime; el_class=\u00a0\u00bbcol-md-4 col-sm-12 sm-margin-bottom-50&Prime;][\/vc_column][\/vc_row][vc_row layout=\u00a0\u00bbboxed\u00a0\u00bb][vc_column][vc_separator][vc_column_text css=\u00a0\u00bb.vc_custom_1663846370175{margin-top: 60px !important;margin-bottom: 54px !important;}\u00a0\u00bb] L&rsquo;entretien de vos Bijoux [\/vc_column_text][\/vc_column][\/vc_row][vc_row layout=\u00a0\u00bbboxed\u00a0\u00bb css=\u00a0\u00bb.vc_custom_1443843251747{margin-bottom: 43px !important;}\u00a0\u00bb][vc_column width=\u00a0\u00bb1\/2&Prime; el_class=\u00a0\u00bbcol-md-6 col-sm-12 sm-margin-bottom-30&Prime;][vc_column_text css=\u00a0\u00bb.vc_custom_1663849992309{margin-bottom: 7px !important;}\u00a0\u00bb] NETTOYER LES BIJOUX EN RESINE [\/vc_column_text][vc_column_text css=\u00a0\u00bb.vc_custom_1663850440958{margin-bottom: 30px !important;padding-top: 25px !important;padding-right: 25px !important;padding-bottom: 25px !important;padding-left: 25px !important;background-color:&#8230; <a class=\"read-more p-color\" rel=\"bookmark\" title=\"Foire aux Questions\" href=\"https:\/\/lenidabijoux.fr\/index.php\/faq\/\">View more<\/a><\/p>\n","protected":false},"author":1,"featured_media":0,"parent":0,"menu_order":0,"comment_status":"closed","ping_status":"closed","template":"","meta":{"om_disable_all_campaigns":false,"_monsterinsights_skip_tracking":false,"_monsterinsights_sitenote_active":false,"_monsterinsights_sitenote_note":"","_monsterinsights_sitenote_category":0,"footnotes":""},"class_list":["post-84","page","type-page","status-publish","hentry"],"yoast_head":"<!-- This site is optimized with the Yoast SEO plugin v26.6 - https:\/\/yoast.com\/wordpress\/plugins\/seo\/ -->\n<title>FAQ<\/title>\n<meta name=\"description\" content=\"Vous avez une question ? N&#039;h\u00e9sitez pas \u00e0 consulter notre FAQ. Vous y trouverez les r\u00e9ponses aux questions les plus fr\u00e9quentes.\" \/>\n<meta name=\"robots\" content=\"index, follow, max-snippet:-1, max-image-preview:large, max-video-preview:-1\" \/>\n<link rel=\"canonical\" href=\"https:\/\/lenidabijoux.fr\/index.php\/faq\/\" \/>\n<meta property=\"og:locale\" content=\"fr_FR\" \/>\n<meta property=\"og:type\" content=\"article\" \/>\n<meta property=\"og:title\" content=\"FAQ\" \/>\n<meta property=\"og:description\" content=\"Vous avez une question ? N&#039;h\u00e9sitez pas \u00e0 consulter notre FAQ. Vous y trouverez les r\u00e9ponses aux questions les plus fr\u00e9quentes.\" \/>\n<meta property=\"og:url\" content=\"https:\/\/lenidabijoux.fr\/index.php\/faq\/\" \/>\n<meta property=\"og:site_name\" content=\"Le Nid \u00e0 Bijoux\" \/>\n<meta property=\"article:publisher\" content=\"https:\/\/www.facebook.com\/lenidabijoux\/\" \/>\n<meta property=\"article:modified_time\" content=\"2023-11-16T13:09:39+00:00\" \/>\n<meta name=\"twitter:card\" content=\"summary_large_image\" \/>\n<meta name=\"twitter:label1\" content=\"Dur\u00e9e de lecture estim\u00e9e\" \/>\n\t<meta name=\"twitter:data1\" content=\"5 minutes\" \/>\n<script type=\"application\/ld+json\" class=\"yoast-schema-graph\">{\"@context\":\"https:\/\/schema.org\",\"@graph\":[{\"@type\":\"WebPage\",\"@id\":\"https:\/\/lenidabijoux.fr\/index.php\/faq\/\",\"url\":\"https:\/\/lenidabijoux.fr\/index.php\/faq\/\",\"name\":\"FAQ\",\"isPartOf\":{\"@id\":\"https:\/\/lenidabijoux.fr\/#website\"},\"datePublished\":\"2015-09-23T01:45:01+00:00\",\"dateModified\":\"2023-11-16T13:09:39+00:00\",\"description\":\"Vous avez une question ? N'h\u00e9sitez pas \u00e0 consulter notre FAQ. Vous y trouverez les r\u00e9ponses aux questions les plus fr\u00e9quentes.\",\"breadcrumb\":{\"@id\":\"https:\/\/lenidabijoux.fr\/index.php\/faq\/#breadcrumb\"},\"inLanguage\":\"fr-FR\",\"potentialAction\":[{\"@type\":\"ReadAction\",\"target\":[\"https:\/\/lenidabijoux.fr\/index.php\/faq\/\"]}]},{\"@type\":\"BreadcrumbList\",\"@id\":\"https:\/\/lenidabijoux.fr\/index.php\/faq\/#breadcrumb\",\"itemListElement\":[{\"@type\":\"ListItem\",\"position\":1,\"name\":\"Accueil\",\"item\":\"https:\/\/lenidabijoux.fr\/\"},{\"@type\":\"ListItem\",\"position\":2,\"name\":\"Foire aux Questions\"}]},{\"@type\":\"WebSite\",\"@id\":\"https:\/\/lenidabijoux.fr\/#website\",\"url\":\"https:\/\/lenidabijoux.fr\/\",\"name\":\"Le Nid \u00e0 Bijoux\",\"description\":\"Trouvez le bijou qui vous ressemble !\",\"publisher\":{\"@id\":\"https:\/\/lenidabijoux.fr\/#organization\"},\"potentialAction\":[{\"@type\":\"SearchAction\",\"target\":{\"@type\":\"EntryPoint\",\"urlTemplate\":\"https:\/\/lenidabijoux.fr\/?s={search_term_string}\"},\"query-input\":{\"@type\":\"PropertyValueSpecification\",\"valueRequired\":true,\"valueName\":\"search_term_string\"}}],\"inLanguage\":\"fr-FR\"},{\"@type\":\"Organization\",\"@id\":\"https:\/\/lenidabijoux.fr\/#organization\",\"name\":\"Le Nid \u00e0 Bijoux\",\"url\":\"https:\/\/lenidabijoux.fr\/\",\"logo\":{\"@type\":\"ImageObject\",\"inLanguage\":\"fr-FR\",\"@id\":\"https:\/\/lenidabijoux.fr\/#\/schema\/logo\/image\/\",\"url\":\"https:\/\/lenidabijoux.fr\/wp-content\/uploads\/2022\/07\/logo-1.png\",\"contentUrl\":\"https:\/\/lenidabijoux.fr\/wp-content\/uploads\/2022\/07\/logo-1.png\",\"width\":3508,\"height\":2480,\"caption\":\"Le Nid \u00e0 Bijoux\"},\"image\":{\"@id\":\"https:\/\/lenidabijoux.fr\/#\/schema\/logo\/image\/\"},\"sameAs\":[\"https:\/\/www.facebook.com\/lenidabijoux\/\",\"https:\/\/www.instagram.com\/lenidabijoux\/\",\"https:\/\/www.pinterest.fr\/LeNidABijoux\/\"]}]}<\/script>\n<!-- \/ Yoast SEO plugin. -->","yoast_head_json":{"title":"FAQ","description":"Vous avez une question ? N'h\u00e9sitez pas \u00e0 consulter notre FAQ. Vous y trouverez les r\u00e9ponses aux questions les plus fr\u00e9quentes.","robots":{"index":"index","follow":"follow","max-snippet":"max-snippet:-1","max-image-preview":"max-image-preview:large","max-video-preview":"max-video-preview:-1"},"canonical":"https:\/\/lenidabijoux.fr\/index.php\/faq\/","og_locale":"fr_FR","og_type":"article","og_title":"FAQ","og_description":"Vous avez une question ? N'h\u00e9sitez pas \u00e0 consulter notre FAQ. Vous y trouverez les r\u00e9ponses aux questions les plus fr\u00e9quentes.","og_url":"https:\/\/lenidabijoux.fr\/index.php\/faq\/","og_site_name":"Le Nid \u00e0 Bijoux","article_publisher":"https:\/\/www.facebook.com\/lenidabijoux\/","article_modified_time":"2023-11-16T13:09:39+00:00","twitter_card":"summary_large_image","twitter_misc":{"Dur\u00e9e de lecture estim\u00e9e":"5 minutes"},"schema":{"@context":"https:\/\/schema.org","@graph":[{"@type":"WebPage","@id":"https:\/\/lenidabijoux.fr\/index.php\/faq\/","url":"https:\/\/lenidabijoux.fr\/index.php\/faq\/","name":"FAQ","isPartOf":{"@id":"https:\/\/lenidabijoux.fr\/#website"},"datePublished":"2015-09-23T01:45:01+00:00","dateModified":"2023-11-16T13:09:39+00:00","description":"Vous avez une question ? N'h\u00e9sitez pas \u00e0 consulter notre FAQ. Vous y trouverez les r\u00e9ponses aux questions les plus fr\u00e9quentes.","breadcrumb":{"@id":"https:\/\/lenidabijoux.fr\/index.php\/faq\/#breadcrumb"},"inLanguage":"fr-FR","potentialAction":[{"@type":"ReadAction","target":["https:\/\/lenidabijoux.fr\/index.php\/faq\/"]}]},{"@type":"BreadcrumbList","@id":"https:\/\/lenidabijoux.fr\/index.php\/faq\/#breadcrumb","itemListElement":[{"@type":"ListItem","position":1,"name":"Accueil","item":"https:\/\/lenidabijoux.fr\/"},{"@type":"ListItem","position":2,"name":"Foire aux Questions"}]},{"@type":"WebSite","@id":"https:\/\/lenidabijoux.fr\/#website","url":"https:\/\/lenidabijoux.fr\/","name":"Le Nid \u00e0 Bijoux","description":"Trouvez le bijou qui vous ressemble !","publisher":{"@id":"https:\/\/lenidabijoux.fr\/#organization"},"potentialAction":[{"@type":"SearchAction","target":{"@type":"EntryPoint","urlTemplate":"https:\/\/lenidabijoux.fr\/?s={search_term_string}"},"query-input":{"@type":"PropertyValueSpecification","valueRequired":true,"valueName":"search_term_string"}}],"inLanguage":"fr-FR"},{"@type":"Organization","@id":"https:\/\/lenidabijoux.fr\/#organization","name":"Le Nid \u00e0 Bijoux","url":"https:\/\/lenidabijoux.fr\/","logo":{"@type":"ImageObject","inLanguage":"fr-FR","@id":"https:\/\/lenidabijoux.fr\/#\/schema\/logo\/image\/","url":"https:\/\/lenidabijoux.fr\/wp-content\/uploads\/2022\/07\/logo-1.png","contentUrl":"https:\/\/lenidabijoux.fr\/wp-content\/uploads\/2022\/07\/logo-1.png","width":3508,"height":2480,"caption":"Le Nid \u00e0 Bijoux"},"image":{"@id":"https:\/\/lenidabijoux.fr\/#\/schema\/logo\/image\/"},"sameAs":["https:\/\/www.facebook.com\/lenidabijoux\/","https:\/\/www.instagram.com\/lenidabijoux\/","https:\/\/www.pinterest.fr\/LeNidABijoux\/"]}]}},"jetpack_sharing_enabled":true,"_links":{"self":[{"href":"https:\/\/lenidabijoux.fr\/index.php\/wp-json\/wp\/v2\/pages\/84","targetHints":{"allow":["GET"]}}],"collection":[{"href":"https:\/\/lenidabijoux.fr\/index.php\/wp-json\/wp\/v2\/pages"}],"about":[{"href":"https:\/\/lenidabijoux.fr\/index.php\/wp-json\/wp\/v2\/types\/page"}],"author":[{"embeddable":true,"href":"https:\/\/lenidabijoux.fr\/index.php\/wp-json\/wp\/v2\/users\/1"}],"replies":[{"embeddable":true,"href":"https:\/\/lenidabijoux.fr\/index.php\/wp-json\/wp\/v2\/comments?post=84"}],"version-history":[{"count":44,"href":"https:\/\/lenidabijoux.fr\/index.php\/wp-json\/wp\/v2\/pages\/84\/revisions"}],"predecessor-version":[{"id":5137,"href":"https:\/\/lenidabijoux.fr\/index.php\/wp-json\/wp\/v2\/pages\/84\/revisions\/5137"}],"wp:attachment":[{"href":"https:\/\/lenidabijoux.fr\/index.php\/wp-json\/wp\/v2\/media?parent=84"}],"curies":[{"name":"wp","href":"https:\/\/api.w.org\/{rel}","templated":true}]}}